l + k*l + 3*l. Determine x(1).
18
Suppose 5*w + 18 = 3*w. Let v be (-12)/w*(-6)/(-4). Let m(f) = -1 + 2*f - 3*f + 7 - v. What is m(4)?
0
Let r(s) = s**3 - s. Let i(n) = -42*n - n**3 + 92*n + n**2 - 49*n + 1. Let w(j) = j**2 + 5*j + 2. Let z be w(-5). Let v be i(z). What is r(v)?
0
Let a(d) be the third derivative of d**6/120 - d**5/60 - 5*d**4/24 - d**3/3 + 2*d**2. Determine a(4).
26
Let w = 16 + -6. Let n(y) = 45*y - y**2 + w - 6*y**3 - 11 - 46*y. Calculate n(-1).
5
Let v(t) be the third derivative of t**4/8 - 2*t**3 - 2*t**2 + 15. Give v(5).
3
Let d(o) = o**2 + 3*o + 2. Suppose 78 + 167 = -49*g. Calculate d(g).
12
Let l(v) = -v**2 + 11*v - 9. Let p be l(10). Let k(g) = -3*g**3 - p + 4*g**2 + 8*g - 2*g**2 - 8*g. Let m be 3 + -3 + (-3 - -4). Determine k(m).
-2
Suppose -5*o = -2*y + 10, -2*y + 6 = -3*o + 4. Let v be (-41)/(-4) - 8/32. Let q(f) = -v*f + 6*f - 3 - 3. What is q(y)?
14
Suppose 0*b = 24*b - 48. Let s(a) be the first derivative of -a**4/4 + 4*a**3/3 + a**2/2 + 3. Calculate s(b).
10
Let s be (-17 + 8)*1/1. Let o(d) = -d**3 - 8*d**2 + 8*d - 5. What is o(s)?
4
Let n(p) be the third derivative of -p**5/12 + p**4/12 + p**3/6 - 29*p**2. Suppose -2*y + 1 = -c, -4*c + y - 4 = -2*y. Determine n(c).
-6
Let r(c) = 5*c + 4. Let g(s) = s + 3. Let d(m) = -2*g(m) + r(m). Determine d(-4).
-14
Suppose 2*c - 65 + 13 = 0. Suppose c*z = 28*z + 12. Let p(x) be the first derivative of -x**2 - 9*x - 2. Determine p(z).
3
Let i = -28 + 39. Suppose -2*v - i = z, -4*z - 28 - 4 = 4*v. Let w(q) = 14*q + 20*q + 7 + 16*q + q**2 - 44*q. Calculate w(z).
2
Let b(s) = 27*s - 9. Let f(d) = -5*d. Let j(w) = -b(w) - 6*f(w). Determine j(-6).
-9
Let a be (-35)/63 - (-52)/(-117). Let n(y) be the third derivative of 7*y**6/120 - y**2. Determine n(a).
-7
Let a(x) = -5*x - x + 5*x**2 + 0*x**3 - x - 5 + x**3. Let c be (-2)/(-4) + (-147)/(-14). Suppose 0 = 4*k - r + 25, -2*k - c = -0*k + r. Calculate a(k).
1
Suppose h + 2*h - 25 = 5*a, 0 = -2*h + 3*a + 15. Let q(f) = 2*f + 4. Determine q(h).
4
Let u(h) be the first derivative of h**3/3 + 9*h**2/2 + 10*h - 142. What is u(-10)?
20
Let d(f) be the second derivative of f**5/20 + 7*f**4/12 - 5*f**3/3 + f**2/2 + 102*f. What is d(-8)?
17
Let c(k) = -5 + 135*k - 149*k + 1 + 4. Determine c(-4).
56
Let n(d) be the third derivative of -d**6/120 - d**5/10 - 7*d**4/24 - d**3 + 84*d**2 - 2*d. Let r = 4 + -9. Calculate n(r).
4
Let a = 30 + -26. Let z(y) = -2*y. Let r(c) = -3*c + 1. Let i(o) = a*r(o) - 3*z(o). Let n(j) = 3*j - 2. Let u(m) = -3*i(m) - 5*n(m). Give u(3).
7
Let m(j) = -1 + 2*j - 5 + 0 + 1. What is m(6)?
7
Let p(b) = -b**2 - 20*b + 44. Let i(w) = -27*w + 491. Let a be i(19). Calculate p(a).
0
Let r(m) = 2*m**2 - 4*m + 4. Suppose 2*j = -783 + 789. Calculate r(j).
10
Suppose 4*x - 16 = -4*s - 0*s, 0 = 5*s - 4*x - 2. Let q(d) = 7*d + s*d**2 - 3*d**2 + 0*d**2 - 7 + 0*d**2. What is q(5)?
3
Let k(o) be the third derivative of o**7/840 - o**6/90 - o**5/30 - o**4/6 - 8*o**3/3 - o**2. Let n(h) be the first derivative of k(h). Calculate n(5).
1
Suppose 5*m - 20 = 0, 19 = 5*g - 3*m - m. Let z(q) = q - 8. What is z(g)?
-1
Suppose -5*k = b + 21, -3*b - 2*k = 2*k + 30. Let p(c) = c**2 + 3*c - 8. Calculate p(b).
10
Let b(q) = -2*q**2 + 2*q + 1. Suppose -3*h + 1 - 17 = 5*l, h = 4*l - 28. Let z be ((-4)/10)/(h/(-60)). What is b(z)?
-11
Let f(w) = w**2 - 7*w - 2. Suppose 17*a - 42 = 3*a. Suppose a*b - 12 = 4*l, l = -l + 6. Give f(b).
6
Let v(x) = -x**3 + 8*x**2 + 19*x + 11. Suppose 517 = -8*n + 597. Determine v(n).
1
Let p(t) = t**3 - 10*t**2 + 5. Let x be p(10). Suppose -2 - 8 = -x*u. Let v(i) = -10 - 10 + 25 + u - i. Determine v(4).
3
Suppose 5*r - 7 = 3*y, 0 = -0*y + 2*y + 2*r + 10. Let u be 0 - (-8 - 12/y). Let q(v) = v**3 - 5*v**2 - 2*v + 5. Determine q(u).
-5
Let a(g) = 33*g**3 - 9 - 61*g**3 + 27*g**3 + 10*g + 5*g**2. Determine a(6).
15
Let d(h) = -12*h - 8. Let w(p) = 14*p + 9. Let u(q) = -5*d(q) - 4*w(q). Calculate u(2).
12
Let v(w) = w**3 + 4*w**2 + 3*w. Let g be -5*(-12)/(-270) + (-64)/36. What is v(g)?
2
Suppose 4*q + 3*x + 0 = -3, -5*q - 3*x - 3 = 0. Let f(g) = 2 + 2*g + q*g**2 + 1 + 0 - g**2. Calculate f(-2).
-5
Let f(g) = g**3 + 2*g**2 - g. Let u be 10 + -20 - (-28)/4. Determine f(u).
-6
Let j(b) = 5*b**2 + 3*b + 2. Let y = -230 + 229. What is j(y)?
4
Let a = 16/67 - 317/1608. Let b(s) be the third derivative of 0 - 3/2*s**3 + a*s**4 + 3*s**2 + 0*s. What is b(7)?
-2
Let x(r) be the first derivative of r**4/3 + r**3/6 - 3*r**2/2 - 26. Let g(y) be the second derivative of x(y). Give g(1).
9
Let c(a) = a**2 - 3*a - 10. Let r(w) = 1. Let b(o) = c(o) + 6*r(o). Let n(d) = -d**3 + 12*d**2 - 18*d + 10. Let t be n(10). Let i = t + -25. Give b(i).
6
Let b(p) = 3*p**3 - 3*p**2 - 4*p + 4. Let m(s) = -s**3 + s - 1. Let z(i) = b(i) + 4*m(i). Let h be (4/(-2 - -3))/(-2*1). Determine z(h).
-4
Let b(u) = 4*u - 10. Let a = 2791 + -2787. Give b(a).
6
Let h be (24 - 21) + (1 - 1)/(-1). Let f(x) be the second derivative of 1/6*x**h + 0 + x + 0*x**2. Give f(0).
0
Suppose -35 = 2*s + 5*n + 18, -2*s - 33 = n. Let f(o) = -5*o + 24. Let m be f(6). Let q be s/(-21)*m/(-4). Let a(c) = 3*c**2. Give a(q).
3
Let a(o) be the third derivative of o**6/60 - o**5/30 + o**4/24 - 151*o**2. What is a(1)?
1
Let l(b) be the first derivative of -b**6/120 - b**5/12 + b**4/12 - 2*b**3/3 - 4*b**2 + 24. Let s(q) be the second derivative of l(q). What is s(-5)?
-14
Let y(c) be the second derivative of c**3/6 + c**2/2 - 6*c. Let s be y(2). Let k(f) = -5*f + s*f + 0*f + f. What is k(3)?
-3
Let q(z) = -5 - 4 + z**2 + 2. Let m(o) = -5*o**3 - 2*o**2 - o + 2. Let l be m(-2). Let s = 36 - l. Determine q(s).
-7
Let t(r) be the third derivative of 0*r - 1/24*r**4 - 3/2*r**3 + 14*r**2 + 0. Determine t(-9).
0
Let y(z) = 12*z**2 + 6*z**2 + 14*z**2 - 33*z**2 + 13 - 14 + 3*z. Determine y(4).
-5
Let l(d) = -d**3 - 6*d**2 - 2*d - 8. Let i be l(-6). Let r(o) be the first derivative of -o**2/2 + 2*o + 45. Determine r(i).
-2
Let z(r) = -11*r**2 + 17*r - 3. Let t(b) = -5*b**2 + 8*b - 2. Let a(m) = 9*t(m) - 4*z(m). Let c be (-2 + -3)*(-4 - -3)*1. Give a(c).
-11
Let x(t) be the second derivative of 0 + 1/6*t**3 + 1/12*t**4 + 22*t - 4*t**2. Give x(0).
-8
Let j = 134 + -138. Let q(u) = u**3 + 6*u**2 + 8*u - 3. Let k(b) = -2*b**3 - 12*b**2 - 15*b + 6. Let h(s) = -3*k(s) - 5*q(s). Give h(j).
9
Let p(i) = -i**3 + 5*i**2 - i + 3. Let y be -2 + 0*(-4)/8. Let c = y - -7. Determine p(c).
-2
Let t(m) = -5*m**2 + 26*m**2 + 8 - m + 5*m**3 + 1. Let z(h) = h**2 + 0 - 3*h**3 + 2*h**2 + 2 + 2*h**2 + 4*h**3. Let n(g) = -2*t(g) + 9*z(g). Give n(2).
8
Let c(s) be the third derivative of -s**6/120 + s**5/20 - s**4/12 - 5*s**3/6 - 231*s**2. Give c(4).
-29
Suppose -5*u - 4*x = 90 + 13, -5*u - 85 = -5*x. Let l(f) = f + 23. Calculate l(u).
4
Let z(w) = w + 13. Let j(d) = -d**3 + 8*d**2 + 2*d + 175. Let s be j(10). Give z(s).
8
Let n(g) be the second derivative of -2*g**3/3 - g**2/2 + 17*g. Let k(y) = -2*y - 12. Let z be k(-6). Suppose 2*p + 3*p = -q - 6, z = p + 1. What is n(q)?
3
Suppose 25 = 5*k, 4*k - 3*k = -5*x - 5. Let j(z) = -z - 10. Let g be j(-9). Let m be (-5)/(g + 4 + x). Let h(u) = -u + 1. Give h(m).
6
Let j = 230 - 459/2. Let z(c) be the first derivative of -4 - 4/3*c**3 - j*c**2 + c. Give z(1).
-4
Let v(w) = -w**3 + 10*w**2 - 16*w + 7. Let k be v(8). Let g(c) = -k*c - 18 + 4*c**2 + 22 - 3*c**2. What is g(5)?
-6
Let a(t) be the first derivative of -t**3/3 - 13*t**2/2 - 26*t - 449. Determine a(-10).
4
Suppose d = -5, 5*v + 0*d = 2*d + 20. Let t(r) = 25*r - 1. Let q(c) = -36*c + 2. Let w(g) = -5*q(g) - 7*t(g). Determine w(v).
7
Let v = 159 + -157. Let t(w) = w**2 - 3*w + 3. Calculate t(v).
1
Let q(l) = -l - 1 + 6*l + 3*l. Let c(v) = -3*v**2 - 22*v - 6. Let z be c(-7). Determine q(z).
7
Let x(v) = -10*v + 7*v + 9*v + 18*v - 1. Suppose 3*r = -0 + 3. What is x(r)?
23
Let q(g) = g**3 + 4*g**2 - g - 1. Let n(s) = 3*s**3 + 17*s**2 - 4*s - 15. Let b(o) = -n(o) + 2*q(o). Give b(-9).
-5
Let o = 19 - 9. Suppose -o - 14 = -4*i. Let d(n) = -n**3 + 6*n**2 + 5. Calculate d(i).
5
Let p(r) = -r**2 + 1. Let o = -25 + 31. Suppose o*f = 2*f + 12. Calculate p(f).
-8
Let k(w) = -11*w + 66. Let x be k(6). Let u(r) = x - r**2 + 5 - 24*r + 19*r. Calculate u(-7).
-9
Let v(c) = -c + 7. Let n(j) = 6*j - 7. Let a be n(2). Suppose -5*w + 3*